{"id":1203,"date":"2017-11-16T14:14:52","date_gmt":"2017-11-16T14:14:52","guid":{"rendered":"http:\/\/preventiva.eu\/?page_id=1203"},"modified":"2017-11-24T13:29:15","modified_gmt":"2017-11-24T13:29:15","slug":"protivpozarna-zastita","status":"publish","type":"page","link":"https:\/\/preventiva.eu\/index.php\/protivpozarna-zastita\/","title":{"rendered":"Protivpo\u017earna za\u0161tita"},"content":{"rendered":"<p id=\"u1309-2\">1. ORGANIZACIJA OBAVLJANJA POSLOVA ZA\u0160TITE OD PO\u017dARA &#8211; VO\u0110ENJE POSLOVA ZA\u0160TITE OD PO\u017dARA SA IZDAVANJEM ZAPISNIKA PREGLEDA<\/p>\n<p id=\"u1309-4\">Prema \u010dlanu 34 Zakona o za\u0161titi od po\u017eara (Sl.glasnik Republike Srpske 71\/12), privredna dru\u0161tva i druga pravna lica, republi\u010dki organi uprave i drugi organi mogu povjeriti sprovo\u0111enje mjera za\u0161tite od po\u017eara privrednom dru\u0161tvu, drugom pravnom licu ili preduzetniku koji su osposobljeni i registrovani za tu djelatnost i imaju u radnom odnosu najmanje jedno zaposleno lice sa polo\u017eenim stru\u010dnim ispitom za rad na poslovima za\u0161tite od po\u017eara<\/p>\n<p id=\"u1309-7\">2. PRAVILNIK ZA\u0160TITE OD PO\u017dARA.<\/p>\n<p id=\"u1309-9\">\u00a0Prema \u010dlanu 34, stav 1,\u00a0 Zakona o za\u0161titi od po\u017eara (Sl.glasnik Republike Srpske 71\/12),\u00a0 Privredna dru\u0161tva i druga pravna lica, republi\u010dki organi uprave i drugi organi du\u017eni su da op\u0161tim aktom utvrde mjere i radnje u vezi sa sprovo\u0111enjem i unapre\u0111ivanjem za\u0161tite od po\u017eara.<\/p>\n<p id=\"u1309-12\">3. OSPOSOBLJAVANJE RADNIKA\u00a0 IZ OBLASTI ZA\u0160TITE OD PO\u017dARA<\/p>\n<p id=\"u1309-14\">Prema \u010dlanu 36 Zakona o za\u0161titi od po\u017eara (Sl.glasnik Republike Srpske 71\/12),\u00a0 Privredna dru\u0161tva i druga pravna lica, republi\u010dki organi uprave i drugi organi du\u017eni su da obezbijede obuku koja se sastoji u informisanju i upoznavanju svakog radnika prema posebno utvr\u0111enom programu u pogledu opasnosti od po\u017eara koje se ti\u010du poslova i zadataka na koje je raspore\u0111en, kao i o mjerama i sredstvima za ga\u0161enje po\u017eara, prakti\u010dnoj upotrebi priru\u010dnih aparata, ure\u0111aja i opreme i sredstava za ga\u0161enje po\u017eara i da ih upoznaju sa materijalnom i drugom odgovorno\u0161\u0107u zbog nepridr\u017eavanja propisanih mjera za\u0161tite od po\u017eara prilikom:<\/p>\n<p id=\"u1309-16\">a) zapo\u0161ljavanja,<\/p>\n<p id=\"u1309-18\">b) premje\u0161taja ili promjene posla,<\/p>\n<p id=\"u1309-20\">v) uvo\u0111enja nove radne opreme ili promjene opreme i<\/p>\n<p id=\"u1309-22\">g) uvo\u0111enja novih tehnologija.<\/p>\n<p id=\"u1309-24\">(2) Subjekti za\u0161tite od po\u017eara du\u017eni su da jedanput u toku tri godine vr\u0161e provjeru znanja radnika iz stava 1. ovog \u010dlana, o \u010demu se vodi evidencija.<\/p>\n<p id=\"u1309-26\">(3) Obuka radnika u smislu stava 1. ovog \u010dlana sprovodi se u toku radnog vremena.<\/p>\n<p id=\"u1309-29\">4. REDOVAN PREGLED,\u00a0 KONTROLU I ISPITIVANJE\u00a0 APARATA ZA<\/p>\n<p id=\"u1309-31\">PO\u010cETNO GA\u0160ENJE PO\u017dARA<\/p>\n<p id=\"u1309-33\">(\u010cl.32.Zakon o za\u0161titi od po\u017eara ,Sl.gl. RS 71\/12),<\/p>\n<p id=\"u1309-35\">&#8211; HIDRANTSKE MRE\u017dE, (\u010cl. 38 Pravilnika o tehni\u010dkim normativima za hidrantsku mre\u017eu glasi: Hidrantska mre\u017ea sa svim ure\u0111ajima i armaturom kontroli\u0161e se najmanje jednom godi\u0161nje.<\/p>\n<p id=\"u1309-37\">&#8211; &#8211; REDOVAN PREGLED I \u010cI\u0160\u0106ENJE DIMOVODNIH KANALA (Odluka Skup\u0161tine grada Banjaluka)<\/p>\n<p id=\"u1309-39\">&#8211; SISTEMA ZA DOJAVU (VATRODOJAVE) I GA\u0160ENJE PO\u017dARA (STABILNI SISTEMI-SPRINKLER,CO2,NOVEC i sl.),\u00a0 \u010cl.33. Zakon o za\u0161titi od po\u017eara , Sl.gl RS 71\/12),<\/p>\n<p id=\"u1309-41\">&#8211; STANJE PO\u017dARNIH PUTEVA EVAKUACIONIH IZLAZA, PANIK RASVJETE<\/p>\n<p id=\"u1309-43\">Zakon o za\u0161titi od po\u017eara , Sl.gl RS 71\/12<\/p>\n<p id=\"u1309-46\">5. DA IZVR\u0160I PREGLED EL. I GROMOBRANSKIH INSTALACIJA<\/p>\n<p id=\"u1309-48\">(\u010cl.15 stav 1 Zakona o za\u0161titi na radu, Sl.gl. RS 01\/08, 13\/10)<\/p>\n<p id=\"u1309-50\">\u010clan 25. Zakon o za\u0161titi od po\u017eara , Sl.gl RS 71\/12<\/p>\n<p id=\"u1309-52\">(1) Elektri\u010dne, ventilacione, gasne, naftovodne, toplovodne, gromobranske i druge instalacije i ure\u0111aji, kao i dimovodi, moraju se postaviti, odnosno izvoditi, koristiti i odr\u017eavati prema propisanim tehni\u010dkim normativima i obaveznim standardima i uputstvima proizvo\u0111a\u010da, o \u010demu mora postojati dokumentacija.<\/p>\n<p id=\"u1309-54\">(2) Instalacije i ure\u0111aji iz stava 1. ovog \u010dlana, kao i dimovodi i lo\u017ei\u0161ta mogu se upotrebljavati samo ako su ispravni i ako su pravilno postavljeni.<\/p>\n<p id=\"u1309-57\">6. ZNAKOVI SIGURNOSTI\u00a0 I\u00a0 UPUTSTVA ZA POSTUPANJE U SLU\u010cAJU PO\u017dARA<\/p>\n<p id=\"u1309-60\">7. PLAN ZA\u0160TITE OD PO\u017dARA (EVEKUACIJE I SPA\u0160AVANJA LJUDI I MATERIJALNIH DOBARA) U ODNOSU NA IZVR\u0160ENU KATEGORIZACIJU<\/p>\n<p id=\"u1309-63\">8. IZRADA ELABORATA I PRILOGA ZA\u0160TITE OD PO\u017dARA NA PROJEKTNU DOKUMENTACIJU<\/p>\n<p id=\"u1309-66\">9. IZRADA DOKUMETACIJE I STRU\u010cNA POMO\u0106 KOD TEHNI\u010cKOG PRIJEMA OBJEKATA(ZOP)<\/p>\n<p id=\"u1309-69\">10. Ex ZA\u0160TITA &#8211; PROJEKTOVANJE, OPREMA U EX ZA\u0160TITI, SAVJETOVANJE<\/p>\n<p id=\"u1309-72\">11. PRIPREMA ZA POLAGANJE I ORGANIZACIJA POLAGANJA ISPITA ZA RUKOVAOCA ZAPALJIVIM TE\u010cNOSTIMA , GASOVIMA\u00a0 I\u00a0 EKSPLOZIVNIM\u00a0 MATERIJAMA, U SARADNJI SA MUP RS<\/p>\n<p id=\"u1309-75\">12. \u010cI\u0160\u0106ENJE DIMOVODNIH KANALA SA IZDAVANJEM ZAPISNIKA<\/p>\n<p id=\"u1309-77\">&#8211;\u00a0 (Odluka Skup\u0161tine grada Banjaluka)<\/p>\n","protected":false},"excerpt":{"rendered":"<p>1. ORGANIZACIJA OBAVLJANJA POSLOVA ZA\u0160TITE OD PO\u017dARA &#8211; VO\u0110ENJE POSLOVA ZA\u0160TITE OD PO\u017dARA SA IZDAVANJEM ZAPISNIKA PREGLEDA Prema \u010dlanu 34 &hellip; <\/p>\n","protected":false},"author":1,"featured_media":0,"parent":0,"menu_order":0,"comment_status":"closed","ping_status":"closed","template":"","meta":[],"yoast_head":"<!-- This site is optimized with the Yoast SEO plugin v14.0.4 - https:\/\/yoast.com\/wordpress\/plugins\/seo\/ -->\n<title>Protivpo\u017earna za\u0161tita | Preventiva d.o.o. Banja Luka<\/title>\n<meta name=\"robots\" content=\"index, follow\" \/>\n<meta name=\"googlebot\" content=\"index, follow, max-snippet:-1, max-image-preview:large, max-video-preview:-1\" \/>\n<meta name=\"bingbot\" content=\"index, follow, max-snippet:-1, max-image-preview:large, max-video-preview:-1\" \/>\n<link rel=\"canonical\" href=\"http:\/\/preventiva.eu\/index.php\/protivpozarna-zastita\/\" \/>\n<meta property=\"og:locale\" content=\"bs_BA\" \/>\n<meta property=\"og:type\" content=\"article\" \/>\n<meta property=\"og:title\" content=\"Protivpo\u017earna za\u0161tita | Preventiva d.o.o. Banja Luka\" \/>\n<meta property=\"og:description\" content=\"1. ORGANIZACIJA OBAVLJANJA POSLOVA ZA\u0160TITE OD PO\u017dARA &#8211; VO\u0110ENJE POSLOVA ZA\u0160TITE OD PO\u017dARA SA IZDAVANJEM ZAPISNIKA PREGLEDA Prema \u010dlanu 34 &hellip;\" \/>\n<meta property=\"og:url\" content=\"http:\/\/preventiva.eu\/index.php\/protivpozarna-zastita\/\" \/>\n<meta property=\"og:site_name\" content=\"Preventiva d.o.o. Banja Luka\" \/>\n<meta property=\"article:modified_time\" content=\"2017-11-24T13:29:15+00:00\" \/>\n<meta name=\"twitter:card\" content=\"summary_large_image\" \/>\n<script type=\"application\/ld+json\" class=\"yoast-schema-graph\">{\"@context\":\"https:\/\/schema.org\",\"@graph\":[{\"@type\":\"Organization\",\"@id\":\"https:\/\/preventiva.eu\/#organization\",\"name\":\"Preventiva d.o.o.\",\"url\":\"https:\/\/preventiva.eu\/\",\"sameAs\":[],\"logo\":{\"@type\":\"ImageObject\",\"@id\":\"https:\/\/preventiva.eu\/#logo\",\"inLanguage\":\"bs-BA\",\"url\":\"https:\/\/preventiva.eu\/wp-content\/uploads\/2017\/11\/image001.jpg\",\"width\":180,\"height\":50,\"caption\":\"Preventiva d.o.o.\"},\"image\":{\"@id\":\"https:\/\/preventiva.eu\/#logo\"}},{\"@type\":\"WebSite\",\"@id\":\"https:\/\/preventiva.eu\/#website\",\"url\":\"https:\/\/preventiva.eu\/\",\"name\":\"Preventiva\",\"description\":\"Za\\u0161tita na radu, Za\\u0161tita od po\\u017eara, Po\\u017earna ventilacija\",\"publisher\":{\"@id\":\"https:\/\/preventiva.eu\/#organization\"},\"potentialAction\":[{\"@type\":\"SearchAction\",\"target\":\"https:\/\/preventiva.eu\/?s={search_term_string}\",\"query-input\":\"required name=search_term_string\"}],\"inLanguage\":\"bs-BA\"},{\"@type\":\"WebPage\",\"@id\":\"http:\/\/preventiva.eu\/index.php\/protivpozarna-zastita\/#webpage\",\"url\":\"http:\/\/preventiva.eu\/index.php\/protivpozarna-zastita\/\",\"name\":\"Protivpo\\u017earna za\\u0161tita | Preventiva d.o.o. Banja Luka\",\"isPartOf\":{\"@id\":\"https:\/\/preventiva.eu\/#website\"},\"datePublished\":\"2017-11-16T14:14:52+00:00\",\"dateModified\":\"2017-11-24T13:29:15+00:00\",\"inLanguage\":\"bs-BA\",\"potentialAction\":[{\"@type\":\"ReadAction\",\"target\":[\"http:\/\/preventiva.eu\/index.php\/protivpozarna-zastita\/\"]}]}]}<\/script>\n<!-- \/ Yoast SEO plugin. -->","_links":{"self":[{"href":"https:\/\/preventiva.eu\/index.php\/wp-json\/wp\/v2\/pages\/1203"}],"collection":[{"href":"https:\/\/preventiva.eu\/index.php\/wp-json\/wp\/v2\/pages"}],"about":[{"href":"https:\/\/preventiva.eu\/index.php\/wp-json\/wp\/v2\/types\/page"}],"author":[{"embeddable":true,"href":"https:\/\/preventiva.eu\/index.php\/wp-json\/wp\/v2\/users\/1"}],"replies":[{"embeddable":true,"href":"https:\/\/preventiva.eu\/index.php\/wp-json\/wp\/v2\/comments?post=1203"}],"version-history":[{"count":6,"href":"https:\/\/preventiva.eu\/index.php\/wp-json\/wp\/v2\/pages\/1203\/revisions"}],"predecessor-version":[{"id":1355,"href":"https:\/\/preventiva.eu\/index.php\/wp-json\/wp\/v2\/pages\/1203\/revisions\/1355"}],"wp:attachment":[{"href":"https:\/\/preventiva.eu\/index.php\/wp-json\/wp\/v2\/media?parent=1203"}],"curies":[{"name":"wp","href":"https:\/\/api.w.org\/{rel}","templated":true}]}}