{"id":1267,"date":"2017-11-18T13:44:56","date_gmt":"2017-11-18T13:44:56","guid":{"rendered":"http:\/\/preventiva.eu\/?page_id=1267"},"modified":"2020-05-13T19:29:40","modified_gmt":"2020-05-13T19:29:40","slug":"stabilni-sistemi-za-dojavu-i-gasenje-pozara","status":"publish","type":"page","link":"https:\/\/preventiva.eu\/index.php\/stabilni-sistemi-za-dojavu-i-gasenje-pozara\/","title":{"rendered":"Stabilni sistemi za ga\u0161enje po\u017eara"},"content":{"rendered":"<div class=\"wpb-content-wrapper\"><p>[vc_row][vc_column css_animation=&#8221;fadeIn&#8221; width=&#8221;1\/2&#8221;][mnky_heading title=&#8221;Preventiva d.o.o. vr\u0161i za Vas&#8221; heading_tag=&#8221;h2&#8221; font_size=&#8221;20px&#8221; line_color=&#8221;#db2531&#8221;][vc_empty_space height=&#8221;30px&#8221;][mnky_list_item icon_fontawesome=&#8221;fa fa-check&#8221;]Projektovanje sistema za ga\u0161enje po\u017eara[\/mnky_list_item][mnky_list_item icon_fontawesome=&#8221;fa fa-check&#8221;]Izvo\u0111enje sistema za ga\u0161enje po\u017eara[\/mnky_list_item][mnky_list_item icon_fontawesome=&#8221;fa fa-check&#8221;]Nabavku i isporuku komponenata sistema za ga\u0161enje po\u017eara[\/mnky_list_item][mnky_list_item icon_fontawesome=&#8221;fa fa-check&#8221;]Ispitivanje i izdavanje atesta sistema za ga\u0161enje po\u017eara[\/mnky_list_item][mnky_list_item icon_fontawesome=&#8221;fa fa-check&#8221;]Defekta\u017ea i popravka sistema za ga\u0161enje po\u017eara[\/mnky_list_item][mnky_list_item icon_fontawesome=&#8221;fa fa-check&#8221;]Obuka za rukovanje sistemima za ga\u0161enje po\u017eara[\/mnky_list_item][mnky_list_item icon_fontawesome=&#8221;fa fa-check&#8221;]Izrada tehni\u010dke dokumentacije za upotrebu i odr\u017eavanje sistema za ga\u0161enje po\u017eara[\/mnky_list_item][\/vc_column][vc_column width=&#8221;1\/2&#8221;][vc_single_image image=&#8221;1561&#8221; img_size=&#8221;medium&#8221; add_caption=&#8221;yes&#8221;][\/vc_column][\/vc_row][vc_row][vc_column][vc_separator][vc_column_text]<\/p>\n<h2>SISTEMI ZA GA\u0160ENJE PO\u017dARA<\/h2>\n<p>Sistemi za ga\u0161enje po\u017eara je zajedni\u010dki naziv za sisteme koji koriste razli\u010dite medije kako bi ograni\u010dili ili ugasili po\u017ear u \u0161ti\u0107enom prostoru. Ovi mediji mogu biti u obliku te\u010dnosti, gasa ili \u010dvrste materije. Naj\u010de\u0161\u0107e kori\u0161\u0107en medij za ga\u0161enje po\u017eara je voda, ali koriste se i razli\u010diti inertni gasovi kao \u0161to su CO2, N2, Ar, razli\u010dita hemijska jedinjenja kao \u0161to su HFC, ABC prah (mje\u0161avina (NH<sub>4<\/sub>)(H<sub>2<\/sub>PO<sub>4<\/sub>)i (NH<sub>4<\/sub>)<sub>2<\/sub>SO<sub>4 <\/sub>),NaHCO3i sli\u010dno. Svi sistemi za ga\u0161enje po\u017eara rade na principu eliminacije jedne ili vi\u0161e od 3 komponente koje \u010dine trougao po\u017eara \u2013 goriva, kiseonika ili toplote.<\/p>\n<p>&nbsp;<\/p>\n<h3>Sistemi za ga\u0161enje po\u017eara vodom<\/h3>\n<p>Naj\u010de\u0161\u0107e izvedbe sistema za ga\u0161enje po\u017eara vodom su hidrantski sistem i sprinkler sistem.<\/p>\n<p>Jo\u0161 neke vrste sistema za ga\u0161enje po\u017eara vodom su:<\/p>\n<ul>\n<li>Sistem ga\u0161enja vodenom maglom<\/li>\n<li>Sistem vodenih zavjesa<\/li>\n<\/ul>\n<p>&nbsp;<\/p>\n<h4>Hidrantski sistem<\/h4>\n<p>Hidrantski sistem podrazumijeva sistem napajanja vodom, cjevovod i mre\u017ea priklju\u010daka za ga\u0161enje (hidrantski \u0161ahtovi, stubovi ili ormari). Razlikujemo unutra\u0161nji hidrantski sistem \u2013 unutar objekata &#8211; i vanjski hidrantski sistem \u2013 u okolini objekata. Za pravilno funkcionisanje hidrantskog sistema sve komponente moraju biti ispravne i funkcionalne. Potrebno je redovno, a po zakonskoj regulativi najmanje jednom u 6 mjeseci ispitivati kompletnost, ispravnost i funkcionalnost hidrantskog sistema. Preventiva d.o.o. posjeduje mjerni ure\u0111aj FLOWMASTER DL250 koji vr\u0161i digitalno mjerenje protoka hidrantskog priklju\u010dka te ima mogu\u0107nost snimanja karakteristika protoka u toku 24h i izradu dijagrama.<\/p>\n<p>Naj\u010de\u0161\u0107i uzrok neispravnosti hidrantske mre\u017ee su nekompletnost \u2013 kod priklju\u010daka nema crijeva, mlaznice ili ru\u010dke za otvaranje ventila, prekid napajanja vodom na izolacionom ventilu cjevovoda, ili mehani\u010dka neispravnost ventila hidrantskog priklju\u010dka.[\/vc_column_text][mnky_heading title=&#8221;SPRINKLER SISTEMI&#8221; heading_tag=&#8221;h2&#8221; font_size=&#8221;24px&#8221;][vc_column_text]Sprinkler sistemima se zajedni\u010dki nazivaju svi sistemi ga\u0161enja vodom koji \u0161ti\u0107eni prostor gase pomo\u0107u rasprskavanja vode u krupnim kapljicama putem mre\u017ee gusto postavljenih mlaznica \u010diji se krug dejstva djelimi\u010dno preklapa. Osnovne komponente sprinkler sistema su napajanje vodom (rezervoar i pumpe sa presostatima), sprinkler stanica sa opremom (glavni automatski sprinkler ventil, zvono, manometri, ru\u010dni i nepovratni ventili, trokraki ventil, hvata\u010di ne\u010disto\u0107a, presostat), cjevovod i mlaznice.<\/p>\n<p>Rezervoar mora zadovoljavati minimalan projektovan kapacitet i biti za\u0161ti\u0107en od smrzavanja. Preporu\u010deno je uvezivanje sprinkler stanice sa sistem za dojavu po\u017eara radi obavijesti o aktivaciji (samo sprinkler zvono nije dovoljno u ve\u0107im prostorima) Obavezne su najmanje dvije vodene pumpe zadovoljavaju\u0107eg protoka, radna i rezervna pumpa. Cjevovod mora biti adekvatno izveden i u\u010dvr\u0161\u0107en kako usljed vibracija usljed aktivacije ga\u0161enja ne bi do\u0161lo do o\u0161te\u0107enja ili pucanja.<\/p>\n<figure id=\"attachment_1382\" aria-describedby=\"caption-attachment-1382\" style=\"width: 300px\" class=\"wp-caption alignnone\"><img loading=\"lazy\" class=\"wp-image-1382 size-medium\" src=\"http:\/\/preventiva.eu\/wp-content\/uploads\/2020\/04\/Fire-Sprinkler-Systems_sm-800x385-1-300x144.jpg\" alt=\"sprinkler sistem\" width=\"300\" height=\"144\" srcset=\"https:\/\/preventiva.eu\/wp-content\/uploads\/2020\/04\/Fire-Sprinkler-Systems_sm-800x385-1-300x144.jpg 300w, https:\/\/preventiva.eu\/wp-content\/uploads\/2020\/04\/Fire-Sprinkler-Systems_sm-800x385-1-768x370.jpg 768w, https:\/\/preventiva.eu\/wp-content\/uploads\/2020\/04\/Fire-Sprinkler-Systems_sm-800x385-1.jpg 800w\" sizes=\"(max-width: 300px) 100vw, 300px\" \/><figcaption id=\"caption-attachment-1382\" class=\"wp-caption-text\">Sprinkler sistem &#8211; sprinkler stanice<\/figcaption><\/figure>\n<p>Po principu rada razlikujemo \u201csuhe\u201d, \u201cmokre\u201d i \u201cpre-action\u201d i \u201cdeluge\u201d (dren\u010der) sprinkler sisteme.Svi sprinkler sistemi su automatsk i u najkra\u0107em roku nakon aktivacije rasprskavaju medij za ga\u0161enje \u2013 vodu na mjesto po\u017eara.[\/vc_column_text][vc_btn title=&#8221;Vi\u0161e o sprinkler sistemima&#8230;&#8221; color=&#8221;danger&#8221; i_type=&#8221;material&#8221; i_icon_material=&#8221;vc-material vc-material-add&#8221; css_animation=&#8221;fadeIn&#8221; add_icon=&#8221;true&#8221; link=&#8221;url:http%3A%2F%2Fpreventiva.eu%2Fwp-content%2Fuploads%2F2020%2F04%2Fsinorix_compressed.pdf||target:%20_blank|&#8221;][mnky_heading title=&#8221;Sistemi za ga\u0161enje po\u017eara inertnim gasom&#8221; heading_tag=&#8221;h2&#8221; font_size=&#8221;24px&#8221;][vc_column_text]Ga\u0161enje po\u017eara inertnim gasom vr\u0161i se u prostorima gdje je ga\u0161enje vodom neadekvatno zbog ugro\u017eavanja radne opreme, karakteristika prostora, ili nemogu\u0107nosti ga\u0161enja gorive materije vodom. Sistemi za ga\u0161enje inertnim gasovima su \u010desto skuplji, opasniji za ljudstvo i komplikovanije izvedbe. Ga\u0161enje se vr\u0161i zapreminski, eliminacijom (tj. Smanjenjem koncentracije) kiseonika iz prostora tako \u0161to se ispunjava inertnim gasom.<\/p>\n<p>Naj\u010de\u0161\u0107e kori\u0161\u0107eni gasovi su CO2, N2 i argon. Postoje i standardizovane mje\u0161avine inertnih gasova kao \u0161to su IG55 (50% azot, 50% argon) i IG541 (52% azot, 40% argon, 8% CO2). Ovi sistemi su \u201c\u010disti\u201d, tj. Ne ostavljaju trag nakog aktivacije i ne o\u0161te\u0107uju opremu u prostoru. U odnosu na hemijska sredstva za ga\u0161enje, povoljniji su prilikom ga\u0161enja ve\u0107ih zapremina (preko 1000m3). Nedostaci ovih sistema su cijena ko\u0161tanja opreme usljed visokog radnog pritiska (rezervoar i cjevovodi moraju imati radni pritisak &gt;300bar) i opasnost po ljude u koncentraciji dovoljnoj za ga\u0161enje po\u017eara (posebno CO2). Prednost je niska cijena ko\u0161tanja sredstva za ga\u0161enje, a samim tim i minimalan tro\u0161ak u slu\u010daju aktivacije sistema.[\/vc_column_text][mnky_heading title=&#8221;Sistemi za ga\u0161enje po\u017eara &#8220;\u010distim&#8220; agensima&#8221; heading_tag=&#8221;h2&#8221; font_size=&#8221;24px&#8221;][vc_column_text css=&#8221;.vc_custom_1589397582801{margin-top: 15px !important;}&#8221;]Savremeni \u201c\u010disti\u201d sistemi za ga\u0161enje su nasljednici halonskih sistema za ga\u0161enje koji su bili izvrsni za ga\u0161enje ali ekolo\u0161ki neprihvatljivi. Naj\u010de\u0161\u0107e su upotrebi sredstva HFC-227 (FM200) i FK5-1-12(NOVEC-1230). Ova sredstva ne ostavljaju trag aktivacije, ne o\u0161te\u0107uju opremu i bezbijedna su za ljude u koncentracijama dovoljnim za ga\u0161enje po\u017eara. Tipi\u010dne projektovane koncentracije za ga\u0161enje po\u017eara su 7.9% za HFC227 ili 4.7-5.6% za FK5-1-12. Pritisak u rezervoaru kod ovih sistema iznosi 25 do 42bar, \u0161to omogu\u0107ava upotrebu cjevovoda radnog pritiska od minimalno 60bar.Ova sredstva su vrlo efikasna u ga\u0161enju po\u010detnog po\u017eara i ometanju ponovnog paljenja, ali nisu preporu\u010dljiva kod ga\u0161enja otvorenog plamena jer u dodiru sa plamenom osloba\u0111aju izuzetno oksidativno i opasno jedinjenje HF \u2013 fluorovodoni\u010dnu kiselinu. Mana ovih sistema je visoka cijena ko\u0161tanja i mala dostupnost sredstva za ga\u0161enje, a nakon svake aktivacije potreban je kompletan remont i dopunjavanje rezervoara. Naj\u010de\u0161\u0107e se primjenjuju u server salama, data centrima, kontrolnim i upravlja\u010dkim salama, skladi\u0161tima sa vrijednom opremom.<\/p>\n<p>Ovi sistemi se aktiviraju putem centralnog ure\u0111aja za dojavu po\u017eara i kontrolu ga\u0161enja, ili sa centralnog sistema za dojavu po\u017eara objekta. Mogu se aktivirati automatski, poluautomatski (pritiskom na ru\u010dni taster za aktiviranje) ili ru\u010dno na samom rezervoaru sredstva. Ga\u0161enje je zapreminsko, tako \u0161to se kompletan sadr\u017eaj rezervoara ispu\u0161ta u ga\u0161eni prostor, te ostvaruje projektovanu koncentraciju sredstva u prostoru, a zadr\u017eava je najmanje 20 minuta (ISO 14520 standard).[\/vc_column_text][vc_btn title=&#8221;Vi\u0161e o sistemima za ga\u0161enje \u010distim sredstvima&#8230;&#8221; color=&#8221;danger&#8221; i_type=&#8221;material&#8221; i_icon_material=&#8221;vc-material vc-material-add&#8221; css_animation=&#8221;fadeIn&#8221; add_icon=&#8221;true&#8221; link=&#8221;url:http%3A%2F%2Fpreventiva.eu%2Findex.php%2Fsistemi-za-gasenje-sa-novec-1230-i-fm200%2F|title:Sistemi%20za%20ga%C5%A1enje%20sa%20NOVEC-1230%20i%20FM200||&#8221;][vc_column_text css=&#8221;.vc_custom_1589397623223{margin-top: 10px !important;}&#8221;]Bro\u0161ure Siemens Sinorix \u00a0sistema za ga\u0161enje po\u017eara:[\/vc_column_text][vc_btn title=&#8221;Siemens Sinorix 1230 bro\u0161ura&#8221; color=&#8221;danger&#8221; i_type=&#8221;material&#8221; i_icon_material=&#8221;vc-material vc-material-attach_file&#8221; css_animation=&#8221;fadeIn&#8221; add_icon=&#8221;true&#8221; link=&#8221;url:http%3A%2F%2Fpreventiva.eu%2Fwp-content%2Fuploads%2F2020%2F04%2Fsinorix_compressed.pdf||target:%20_blank|&#8221;][vc_btn title=&#8221;Siemens Sinorix 227 bro\u0161ura&#8221; color=&#8221;danger&#8221; i_type=&#8221;material&#8221; i_icon_material=&#8221;vc-material vc-material-attach_file&#8221; add_icon=&#8221;true&#8221; link=&#8221;url:http%3A%2F%2Fpreventiva.eu%2Fwp-content%2Fuploads%2F2020%2F04%2FSinorix-227-min.pdf||target:%20_blank|&#8221;][vc_btn title=&#8221;Siemens Sinorix CDT bro\u0161ura&#8221; color=&#8221;danger&#8221; i_type=&#8221;material&#8221; i_icon_material=&#8221;vc-material vc-material-attach_file&#8221; add_icon=&#8221;true&#8221; link=&#8221;url:http%3A%2F%2Fpreventiva.eu%2Fwp-content%2Fuploads%2F2020%2F04%2FSinorix-CDT-min.pdfhttp%3A%2F%2Fpreventiva.eu%2Fwp-content%2Fuploads%2F2020%2F04%2FSinorix-CDT-min.pdf||target:%20_blank|&#8221;][\/vc_column][\/vc_row]<\/p>\n<\/div>","protected":false},"excerpt":{"rendered":"<p>[vc_row][vc_column css_animation=&#8221;fadeIn&#8221; width=&#8221;1\/2&#8221;][mnky_heading title=&#8221;Preventiva d.o.o. vr\u0161i za Vas&#8221; heading_tag=&#8221;h2&#8221; font_size=&#8221;20px&#8221; line_color=&#8221;#db2531&#8221;][vc_empty_space height=&#8221;30px&#8221;][mnky_list_item icon_fontawesome=&#8221;fa fa-check&#8221;]Projektovanje sistema za ga\u0161enje po\u017eara[\/mnky_list_item][mnky_list_item icon_fontawesome=&#8221;fa fa-check&#8221;]Izvo\u0111enje &hellip; <\/p>\n","protected":false},"author":1,"featured_media":0,"parent":0,"menu_order":0,"comment_status":"closed","ping_status":"closed","template":"","meta":[],"yoast_head":"<!-- This site is optimized with the Yoast SEO plugin v14.0.4 - https:\/\/yoast.com\/wordpress\/plugins\/seo\/ -->\n<title>Stabilni sistemi za ga\u0161enje po\u017eara | Preventiva d.o.o. Banja Luka<\/title>\n<meta name=\"robots\" content=\"index, follow\" \/>\n<meta name=\"googlebot\" content=\"index, follow, max-snippet:-1, max-image-preview:large, max-video-preview:-1\" \/>\n<meta name=\"bingbot\" content=\"index, follow, max-snippet:-1, max-image-preview:large, max-video-preview:-1\" \/>\n<link rel=\"canonical\" href=\"http:\/\/preventiva.eu\/index.php\/stabilni-sistemi-za-dojavu-i-gasenje-pozara\/\" \/>\n<meta property=\"og:locale\" content=\"bs_BA\" \/>\n<meta property=\"og:type\" content=\"article\" \/>\n<meta property=\"og:title\" content=\"Stabilni sistemi za ga\u0161enje po\u017eara | Preventiva d.o.o. Banja Luka\" \/>\n<meta property=\"og:description\" content=\"[vc_row][vc_column css_animation=&#8221;fadeIn&#8221; width=&#8221;1\/2&#8221;][mnky_heading title=&#8221;Preventiva d.o.o. vr\u0161i za Vas&#8221; heading_tag=&#8221;h2&#8221; font_size=&#8221;20px&#8221; line_color=&#8221;#db2531&#8221;][vc_empty_space height=&#8221;30px&#8221;][mnky_list_item icon_fontawesome=&#8221;fa fa-check&#8221;]Projektovanje sistema za ga\u0161enje po\u017eara[\/mnky_list_item][mnky_list_item icon_fontawesome=&#8221;fa fa-check&#8221;]Izvo\u0111enje &hellip;\" \/>\n<meta property=\"og:url\" content=\"http:\/\/preventiva.eu\/index.php\/stabilni-sistemi-za-dojavu-i-gasenje-pozara\/\" \/>\n<meta property=\"og:site_name\" content=\"Preventiva d.o.o. Banja Luka\" \/>\n<meta property=\"article:modified_time\" content=\"2020-05-13T19:29:40+00:00\" \/>\n<meta property=\"og:image\" content=\"http:\/\/preventiva.eu\/wp-content\/uploads\/2020\/04\/Fire-Sprinkler-Systems_sm-800x385-1-300x144.jpg\" \/>\n<meta name=\"twitter:card\" content=\"summary_large_image\" \/>\n<script type=\"application\/ld+json\" class=\"yoast-schema-graph\">{\"@context\":\"https:\/\/schema.org\",\"@graph\":[{\"@type\":\"Organization\",\"@id\":\"https:\/\/preventiva.eu\/#organization\",\"name\":\"Preventiva d.o.o.\",\"url\":\"https:\/\/preventiva.eu\/\",\"sameAs\":[],\"logo\":{\"@type\":\"ImageObject\",\"@id\":\"https:\/\/preventiva.eu\/#logo\",\"inLanguage\":\"bs-BA\",\"url\":\"https:\/\/preventiva.eu\/wp-content\/uploads\/2017\/11\/image001.jpg\",\"width\":180,\"height\":50,\"caption\":\"Preventiva d.o.o.\"},\"image\":{\"@id\":\"https:\/\/preventiva.eu\/#logo\"}},{\"@type\":\"WebSite\",\"@id\":\"https:\/\/preventiva.eu\/#website\",\"url\":\"https:\/\/preventiva.eu\/\",\"name\":\"Preventiva\",\"description\":\"Za\\u0161tita na radu, Za\\u0161tita od po\\u017eara, Po\\u017earna ventilacija\",\"publisher\":{\"@id\":\"https:\/\/preventiva.eu\/#organization\"},\"potentialAction\":[{\"@type\":\"SearchAction\",\"target\":\"https:\/\/preventiva.eu\/?s={search_term_string}\",\"query-input\":\"required name=search_term_string\"}],\"inLanguage\":\"bs-BA\"},{\"@type\":\"ImageObject\",\"@id\":\"http:\/\/preventiva.eu\/index.php\/stabilni-sistemi-za-dojavu-i-gasenje-pozara\/#primaryimage\",\"inLanguage\":\"bs-BA\",\"url\":\"http:\/\/preventiva.eu\/wp-content\/uploads\/2020\/04\/Fire-Sprinkler-Systems_sm-800x385-1-300x144.jpg\"},{\"@type\":\"WebPage\",\"@id\":\"http:\/\/preventiva.eu\/index.php\/stabilni-sistemi-za-dojavu-i-gasenje-pozara\/#webpage\",\"url\":\"http:\/\/preventiva.eu\/index.php\/stabilni-sistemi-za-dojavu-i-gasenje-pozara\/\",\"name\":\"Stabilni sistemi za ga\\u0161enje po\\u017eara | Preventiva d.o.o. Banja Luka\",\"isPartOf\":{\"@id\":\"https:\/\/preventiva.eu\/#website\"},\"primaryImageOfPage\":{\"@id\":\"http:\/\/preventiva.eu\/index.php\/stabilni-sistemi-za-dojavu-i-gasenje-pozara\/#primaryimage\"},\"datePublished\":\"2017-11-18T13:44:56+00:00\",\"dateModified\":\"2020-05-13T19:29:40+00:00\",\"inLanguage\":\"bs-BA\",\"potentialAction\":[{\"@type\":\"ReadAction\",\"target\":[\"http:\/\/preventiva.eu\/index.php\/stabilni-sistemi-za-dojavu-i-gasenje-pozara\/\"]}]}]}<\/script>\n<!-- \/ Yoast SEO plugin. -->","_links":{"self":[{"href":"https:\/\/preventiva.eu\/index.php\/wp-json\/wp\/v2\/pages\/1267"}],"collection":[{"href":"https:\/\/preventiva.eu\/index.php\/wp-json\/wp\/v2\/pages"}],"about":[{"href":"https:\/\/preventiva.eu\/index.php\/wp-json\/wp\/v2\/types\/page"}],"author":[{"embeddable":true,"href":"https:\/\/preventiva.eu\/index.php\/wp-json\/wp\/v2\/users\/1"}],"replies":[{"embeddable":true,"href":"https:\/\/preventiva.eu\/index.php\/wp-json\/wp\/v2\/comments?post=1267"}],"version-history":[{"count":19,"href":"https:\/\/preventiva.eu\/index.php\/wp-json\/wp\/v2\/pages\/1267\/revisions"}],"predecessor-version":[{"id":1564,"href":"https:\/\/preventiva.eu\/index.php\/wp-json\/wp\/v2\/pages\/1267\/revisions\/1564"}],"wp:attachment":[{"href":"https:\/\/preventiva.eu\/index.php\/wp-json\/wp\/v2\/media?parent=1267"}],"curies":[{"name":"wp","href":"https:\/\/api.w.org\/{rel}","templated":true}]}}