{"id":1301,"date":"2017-11-22T10:40:23","date_gmt":"2017-11-22T10:40:23","guid":{"rendered":"http:\/\/preventiva.eu\/?page_id=1301"},"modified":"2020-04-22T15:28:04","modified_gmt":"2020-04-22T15:28:04","slug":"ispitivanje-sredstava-rada","status":"publish","type":"page","link":"https:\/\/preventiva.eu\/index.php\/ispitivanje-sredstava-rada\/","title":{"rendered":"Ispitivanje sredstava rada"},"content":{"rendered":"<div class=\"wpb-content-wrapper\"><p>[vc_row][vc_column][vc_row_inner css=&#8221;.vc_custom_1587567364369{background-color: #fff9f9 !important;}&#8221;][vc_column_inner][mnky_heading title=&#8221;KOJA JE ZAKONSKA OSNOVA I ODREDBE O PREVENTIVNIM I PERIODI\u010cNIM PREGLEDIMA I ISPITIVANJIMA SREDSTAVA I OPREME ZA RAD?&#8221; font_size=&#8221;24&#8221;][vc_column_text]<\/p>\n<p style=\"padding-left: 40px;\">U skladu sa <strong>Zakonom o za\u0161titi na radu (Sl. Gl. RS 01\/08 i 13\/10)<\/strong>obaveza svakog poslodavca je da u skladu sa preventivnim mjerama za\u0161tite i zdravlja na radu (\u010dlan 8.) kao i op\u0161tim du\u017enostima i odgovornostima poslodavca (\u010dlan 15 .stav e)) obezbjedi preventivni i periodi\u010dni pregled i ispitivanje sredstava i opreme za rad.<\/p>\n<p style=\"padding-left: 40px;\">Ne izvr\u0161avanje gore navedenog pregleda ka\u017enjivo je zakonom nov\u010danom kaznom od <strong>2.500 do 15.000 KM (\u010dlan 67. stav j))<\/strong>.<\/p>\n<p style=\"padding-left: 40px;\"><strong>Pravilnikom o postupku i rokovima preventivnih i periodi\u010dnih pregleda i ispitivanja opreme za rad i preventivnih i periodi\u010dnih ispitivanja\u00a0 uslova radne sredine (Sl. Gl. RS 66\/08, 52\/09 i 107\/09)<\/strong>propisani su postupci i rokovi preventivnih i periodi\u010dnih pregleda i ispitivanja opreme za rad.<\/p>\n<p style=\"padding-left: 40px;\">Preventivnim i periodi\u010dnim pregledima i ispitivanjima opreme za rad provjerava se i utvr\u0111uje da li su na opremi za rad, koja se koristi u procesu rada, primijenjene mjere za\u0161tite i zdravlja na radu utvr\u0111ene propisima u oblasti za\u0161tite i zdravlja na radu, tehni\u010dkim propisima, standardima i uputstvima proizvo\u0111a\u010da.<\/p>\n<p>[\/vc_column_text][\/vc_column_inner][\/vc_row_inner][vc_row_inner][vc_column_inner][mnky_heading title=&#8221;KOJA SREDSTVA I OPREMA ZA RAD PODLIJE\u017dU PREVENTIVNIM I PERIODI\u010cNIM PREGLEDIMA I ISPITIVANJIMA?&#8221; heading_tag=&#8221;h3&#8221; font_size=&#8221;24px&#8221;][mnky_ordered_list]Dizalica i ure\u0111aj nosivosti od 0,5 tona i vi\u0161e, kao i privremeno postavljena konzolna dizalica i vitlo nosivosti od 0,3 tone i vi\u0161e, na mehanizovani pogon, koji slu\u017ee za dizanje, spu\u0161tanje i preno\u0161enje tereta pomo\u0107u \u010deli\u010dnog ili drugog u\u017eeta, lanca i hidraulike,[\/mnky_ordered_list][mnky_ordered_list number=&#8221;2&#8221;]regalna dizalica na mehanizovani pogon (u regalnom hodniku i van njega, vezana za \u0161ine ili koja ima na drugi na\u010din automatski regulisane pozicije), koja slu\u017ei za uno\u0161enje u regal i uzimanje iz regala paleta ili materijala,[\/mnky_ordered_list][mnky_ordered_list number=&#8221;3&#8221;]podizna platforma na mehanizovani pogon, koja pomo\u0107u ugra\u0111ene platforme ili korpe slu\u017ei za dizanje i spu\u0161tanje zaposlenih radi obavljanja radnih operacija,[\/mnky_ordered_list][mnky_ordered_list number=&#8221;4&#8221;]liftovi za vertikalni prevoz lica i tereta na elektri\u010dni i hidrauli\u010dni pogon ili drugi mehanizovani[\/mnky_ordered_list][mnky_ordered_list number=&#8221;5&#8221;]pogon u stambenim, poslovnim, javnim i drugim objektima, fasadni liftovi, kosi liftovi, ski-liftovi, liftovi na gradili\u0161tima, vise\u0107e skele, liftovi za dizanje tereta u koje nije mogu\u0107 pristup lica, liftovi za invalide,[\/mnky_ordered_list][mnky_ordered_list number=&#8221;6&#8221;]samohodno vozilo, na mehanizovani pogon, koje se koristi za unutra\u0161nji transport &#8211; vu\u010du, potiskivanje, dizanje, spu\u0161tanje i preno\u0161enje tereta,[\/mnky_ordered_list][mnky_ordered_list number=&#8221;8&#8221;]sredstva i oprema za li\u010dnu za\u0161titu na radu za koju je poslodavac aktom o procjeni rizika utvrdio da se na njoj vr\u0161e preventivni i periodi\u010dni pregledi i ispitivanja,[\/mnky_ordered_list][mnky_ordered_list number=&#8221;9&#8221;]ure\u0111aji u kojima se nanose i su\u0161e premazna sredstva \u010dije komponente u dodiru sa vazduhom formiraju zapaljive i eksplozivne smje\u0161e, isparenja i hemijske \u0161tetnosti opasne po zdravlje zaposlenih,[\/mnky_ordered_list][mnky_ordered_list number=&#8221;10&#8221;]oprema, odnosno postrojenja za proizvodnju, punjenje, mjerenje i kontrolu, sa cjevovodima za napajanje, razvo\u0111enje i transport eksplozivnih, otrovnih izagu\u0161ljivih fluida &#8211; gasova ili te\u010dnosti, osim prirodnog gasa (zemni gas), u objektima koji se koriste kao radni i pomo\u0107ni prostor,[\/mnky_ordered_list][mnky_ordered_list number=&#8221;11&#8221;]privremena elektri\u010dna instalacija sa ure\u0111ajima, opremom i priborom, postavljena za vrijeme izgradnje gra\u0111evinskih objekata ili izvo\u0111enja drugih radova.<br \/>\n[\/mnky_ordered_list][\/vc_column_inner][\/vc_row_inner][vc_row_inner css=&#8221;.vc_custom_1587568169187{padding-left: 10px !important;background-color: #fff9f9 !important;}&#8221;][vc_column_inner css=&#8221;.vc_custom_1587567784676{padding-left: 10px !important;}&#8221;][mnky_heading title=&#8221;\u0160TA SE PROVJERAVA PREVENTIVNIM I PERIODI\u010cNIM PREGLEDIMA I ISPITIVANJIMA SREDSTAVA I OPREME ZA RAD?&#8221; font_size=&#8221;24&#8221;][vc_empty_space height=&#8221;10&#8221;][mnky_list_item icon_fontawesome=&#8221;fa fa-check&#8221;]siguran rad ure\u0111aja za uklju\u010divanje u pogon i isklju\u010divanje iz pogona, signalnih ure\u0111aja za upravljanje, kao i rad sredstava ili njihovih dijelova u skladu sa oznakama za na\u010din upotrebe sredstava,[\/mnky_list_item][mnky_list_item icon_fontawesome=&#8221;fa fa-check&#8221;]bezbjednost postavljenih ili ugra\u0111enih ure\u0111aja za za\u0161titu od pokretnih dijelova sredstava, fizi\u010dkih i hemijskih \u0161tetnosti, kao i siguran rad tih ure\u0111aja,[\/mnky_list_item][mnky_list_item icon_fontawesome=&#8221;fa fa-check&#8221;]ispravnost mjernih, regulacionih, sigurnosnih ili kontrolnih ure\u0111aja,[\/mnky_list_item][mnky_list_item icon_fontawesome=&#8221;fa fa-check&#8221;]za\u0161tita od udara elektri\u010dne energije,[\/mnky_list_item][mnky_list_item icon_fontawesome=&#8221;fa fa-check&#8221; last_item=&#8221;last&#8221;]nose\u0107a konstrukcija pri najnepovoljnijem radnom optere\u0107enju u okviru dozvoljenih deformacija (dizalice, \u017ei\u010dare, liftovi, vise\u0107e skele, podizne platforme).[\/mnky_list_item][\/vc_column_inner][\/vc_row_inner][vc_row_inner css=&#8221;.vc_custom_1587567842518{padding-left: 10px !important;}&#8221;][vc_column_inner css=&#8221;.vc_custom_1587567784676{padding-left: 10px !important;}&#8221;][vc_column_text]<\/p>\n<h4><strong>Pregledima i ispitivanjima opreme za rad utvr\u0111uje se da li su na njoj primijenjene propisane mjere za\u0161tite na radu, i to:<\/strong><\/h4>\n<p>[\/vc_column_text][mnky_list_item icon_fontawesome=&#8221;fa fa-check&#8221;]da li su sredstva rada i oprema postavljeni ili ugra\u0111eni prema projektnoj dokumentaciji,[\/mnky_list_item][mnky_list_item icon_fontawesome=&#8221;fa fa-check&#8221;]da li postoje odgovaraju\u0107i ure\u0111aji za za\u0161titu od opasnosti pri radu,[\/mnky_list_item][mnky_list_item icon_fontawesome=&#8221;fa fa-check&#8221;]da li su na sredstvima rada i opremi, odnosno na njihovim dijelovima nastale promjene koje predstavljaju opasnost po \u017eivot ili zdravlje radnika na radu,[\/mnky_list_item][mnky_list_item icon_fontawesome=&#8221;fa fa-check&#8221;]da li se i u kojim koli\u010dinama javljaju \u0161tetne materije i da li su ispravni ure\u0111aji za odvo\u0111enje tih \u0161tetnih materija,[\/mnky_list_item][mnky_list_item icon_fontawesome=&#8221;fa fa-check&#8221; last_item=&#8221;last&#8221;]da li sredstva rada i opreme stvaraju buku i vibraciju, kojeg intenziteta i da li su primijenjene propisane mjere za\u0161tite od buke i vibracija,[\/mnky_list_item][mnky_list_item icon_fontawesome=&#8221;fa fa-check&#8221; last_item=&#8221;last&#8221;]da li je obezbije\u0111ena ispravnost pripadaju\u0107ih instalacija i oprema za odvo\u0111enje \u0161tetnih materija, za\u0161tita elektri\u010dnih instalacija od direktnog ili indirektnog dodira pod naponom, mehani\u010dka za\u0161tita, za\u0161tita od kratkog spoja i preoptere\u0107enja.[\/mnky_list_item][mnky_list_item icon_fontawesome=&#8221;fa fa-check&#8221; last_item=&#8221;last&#8221;]da li su ispravni ure\u0111aji za uklju\u010divanje, odnosno isklju\u010divanje iz pogona i signalnih i kontrolnih ure\u0111aja i ure\u0111aja za upravljanje i[\/mnky_list_item][mnky_list_item icon_fontawesome=&#8221;fa fa-check&#8221; last_item=&#8221;last&#8221;]da li su ispravni za\u0161titni ure\u0111aji za za\u0161titu radne sredine od \u0161tetnih zra\u010denja,[\/mnky_list_item][mnky_list_item icon_fontawesome=&#8221;fa fa-check&#8221; last_item=&#8221;last&#8221;]da li je obezbije\u0111ena odgovaraju\u0107a toplotna izolacija,[\/mnky_list_item][\/vc_column_inner][\/vc_row_inner][vc_row_inner css=&#8221;.vc_custom_1587569279244{padding-bottom: 25px !important;background-color: #fff9f9 !important;}&#8221;][vc_column_inner][mnky_heading title=&#8221;KAKAV DOKUMENT DOBIJEMO NAKON PREVENTIVNIH I PERIODI\u010cNIH PREGLEDA I ISPITIVANJA SREDSTAVA I OPREME ZA RAD?&#8221; font_size=&#8221;24px&#8221;][vc_column_text]O izvr\u0161enom pregledu i ispitivanju opreme za rad izdaje se Stru\u010dni nalaz,kao i Ispravakojom se dokazuje da pregledana i ispitana oprema za rad ispunjava uslove utvr\u0111ene propisima donesenim na osnovu Zakona o za\u0161titi na radu.[\/vc_column_text][\/vc_column_inner][\/vc_row_inner][vc_row_inner css=&#8221;.vc_custom_1587568582143{padding-bottom: 25px !important;}&#8221;][vc_column_inner][mnky_heading title=&#8221;KADA SE VR\u0160E PREVENTIVNI I PERIODI\u010cNI PREGLEDI I ISPITIVANJA SREDSTAVA I OPREME ZA RAD?&#8221; font_size=&#8221;24px&#8221;][mnky_ordered_list]Prije po\u010detka kori\u0161tenja, odnosno prije davanja na upotrebu radnicima,[\/mnky_ordered_list][mnky_ordered_list number=&#8221;2&#8221;]Poslije rekonstrukcije ili havarije,[\/mnky_ordered_list][mnky_ordered_list number=&#8221;3&#8221;]Prije po\u010detka rada na novom mjestu rada, ako je oprema za rad premje\u0161tena sa jednog mjesta na drugo,[\/mnky_ordered_list][mnky_ordered_list number=&#8221;4&#8221;]Najkasnije u roku od tri godine od dana prethodnog pregleda i ispitivanja, osim periodi\u010dnih pregleda i ispitivanja privremene elektri\u010dne instalacije sa ure\u0111ajima, opremom i priborom, koji se obavljaju u roku od godinu dana od dana prethodnog pregleda i ispitivanja.[\/mnky_ordered_list][\/vc_column_inner][\/vc_row_inner][mnky_heading title=&#8221;Ukoliko imate dodatnih pitanja, pi\u0161ite nam!&#8221; font_size=&#8221;24&#8221;][\/vc_column][\/vc_row][vc_row][vc_column]<div role=\"form\" class=\"wpcf7\" id=\"wpcf7-f1063-o1\" lang=\"en-US\" dir=\"ltr\">\n<div class=\"screen-reader-response\"><p role=\"status\" aria-live=\"polite\" aria-atomic=\"true\"><\/p> <ul><\/ul><\/div>\n<form action=\"\/index.php\/wp-json\/wp\/v2\/pages\/1301#wpcf7-f1063-o1\" method=\"post\" class=\"wpcf7-form init\" novalidate=\"novalidate\" data-status=\"init\">\n<div style=\"display: none;\">\n<input type=\"hidden\" name=\"_wpcf7\" value=\"1063\" \/>\n<input type=\"hidden\" name=\"_wpcf7_version\" value=\"5.4.2\" \/>\n<input type=\"hidden\" name=\"_wpcf7_locale\" value=\"en_US\" \/>\n<input type=\"hidden\" name=\"_wpcf7_unit_tag\" value=\"wpcf7-f1063-o1\" \/>\n<input type=\"hidden\" name=\"_wpcf7_container_post\" value=\"0\" \/>\n<input type=\"hidden\" name=\"_wpcf7_posted_data_hash\" value=\"\" \/>\n<input type=\"hidden\" name=\"_wpcf7_recaptcha_response\" value=\"\" \/>\n<\/div>\n<p><label> Ime i prezime (obavezno)<br \/>\n    <span class=\"wpcf7-form-control-wrap your-name\"><input type=\"text\" name=\"your-name\" value=\"\" size=\"40\" class=\"wpcf7-form-control wpcf7-text wpcf7-validates-as-required\" aria-required=\"true\" aria-invalid=\"false\" \/><\/span> <\/label><\/p>\n<p><label> Email (obavezno)<br \/>\n    <span class=\"wpcf7-form-control-wrap your-email\"><input type=\"email\" name=\"your-email\" value=\"\" size=\"40\" class=\"wpcf7-form-control wpcf7-text wpcf7-email wpcf7-validates-as-required wpcf7-validates-as-email\" aria-required=\"true\" aria-invalid=\"false\" \/><\/span> <\/label><\/p>\n<p><label> Kontakt telefon<br \/>\n<span class=\"wpcf7-form-control-wrap tel-627\"><input type=\"tel\" name=\"tel-627\" value=\"\" size=\"40\" class=\"wpcf7-form-control wpcf7-text wpcf7-tel wpcf7-validates-as-tel\" aria-invalid=\"false\" \/><\/span><br \/>\n<\/label><\/p>\n<p><label> Pitanje<br \/>\n    <span class=\"wpcf7-form-control-wrap your-message\"><textarea name=\"your-message\" cols=\"40\" rows=\"10\" class=\"wpcf7-form-control wpcf7-textarea\" aria-invalid=\"false\"><\/textarea><\/span> <\/label><\/p>\n<p><input type=\"submit\" value=\"Po\u0161alji\" class=\"wpcf7-form-control wpcf7-submit\" \/><\/p>\n<div class=\"wpcf7-response-output\" aria-hidden=\"true\"><\/div><\/form><\/div>[\/vc_column][\/vc_row]<\/p>\n<\/div>","protected":false},"excerpt":{"rendered":"<p>[vc_row][vc_column][vc_row_inner css=&#8221;.vc_custom_1587567364369{background-color: #fff9f9 !important;}&#8221;][vc_column_inner][mnky_heading title=&#8221;KOJA JE ZAKONSKA OSNOVA I ODREDBE O PREVENTIVNIM I PERIODI\u010cNIM PREGLEDIMA I ISPITIVANJIMA SREDSTAVA I OPREME &hellip; <\/p>\n","protected":false},"author":1,"featured_media":0,"parent":0,"menu_order":0,"comment_status":"closed","ping_status":"closed","template":"","meta":[],"yoast_head":"<!-- This site is optimized with the Yoast SEO plugin v14.0.4 - https:\/\/yoast.com\/wordpress\/plugins\/seo\/ -->\n<title>Ispitivanje sredstava rada | Preventiva d.o.o. Banja Luka<\/title>\n<meta name=\"robots\" content=\"index, follow\" \/>\n<meta name=\"googlebot\" content=\"index, follow, max-snippet:-1, max-image-preview:large, max-video-preview:-1\" \/>\n<meta name=\"bingbot\" content=\"index, follow, max-snippet:-1, max-image-preview:large, max-video-preview:-1\" \/>\n<link rel=\"canonical\" href=\"http:\/\/preventiva.eu\/index.php\/ispitivanje-sredstava-rada\/\" \/>\n<meta property=\"og:locale\" content=\"bs_BA\" \/>\n<meta property=\"og:type\" content=\"article\" \/>\n<meta property=\"og:title\" content=\"Ispitivanje sredstava rada | Preventiva d.o.o. Banja Luka\" \/>\n<meta property=\"og:description\" content=\"[vc_row][vc_column][vc_row_inner css=&#8221;.vc_custom_1587567364369{background-color: #fff9f9 !important;}&#8221;][vc_column_inner][mnky_heading title=&#8221;KOJA JE ZAKONSKA OSNOVA I ODREDBE O PREVENTIVNIM I PERIODI\u010cNIM PREGLEDIMA I ISPITIVANJIMA SREDSTAVA I OPREME &hellip;\" \/>\n<meta property=\"og:url\" content=\"http:\/\/preventiva.eu\/index.php\/ispitivanje-sredstava-rada\/\" \/>\n<meta property=\"og:site_name\" content=\"Preventiva d.o.o. Banja Luka\" \/>\n<meta property=\"article:modified_time\" content=\"2020-04-22T15:28:04+00:00\" \/>\n<meta name=\"twitter:card\" content=\"summary_large_image\" \/>\n<script type=\"application\/ld+json\" class=\"yoast-schema-graph\">{\"@context\":\"https:\/\/schema.org\",\"@graph\":[{\"@type\":\"Organization\",\"@id\":\"https:\/\/preventiva.eu\/#organization\",\"name\":\"Preventiva d.o.o.\",\"url\":\"https:\/\/preventiva.eu\/\",\"sameAs\":[],\"logo\":{\"@type\":\"ImageObject\",\"@id\":\"https:\/\/preventiva.eu\/#logo\",\"inLanguage\":\"bs-BA\",\"url\":\"https:\/\/preventiva.eu\/wp-content\/uploads\/2017\/11\/image001.jpg\",\"width\":180,\"height\":50,\"caption\":\"Preventiva d.o.o.\"},\"image\":{\"@id\":\"https:\/\/preventiva.eu\/#logo\"}},{\"@type\":\"WebSite\",\"@id\":\"https:\/\/preventiva.eu\/#website\",\"url\":\"https:\/\/preventiva.eu\/\",\"name\":\"Preventiva\",\"description\":\"Za\\u0161tita na radu, Za\\u0161tita od po\\u017eara, Po\\u017earna ventilacija\",\"publisher\":{\"@id\":\"https:\/\/preventiva.eu\/#organization\"},\"potentialAction\":[{\"@type\":\"SearchAction\",\"target\":\"https:\/\/preventiva.eu\/?s={search_term_string}\",\"query-input\":\"required name=search_term_string\"}],\"inLanguage\":\"bs-BA\"},{\"@type\":\"WebPage\",\"@id\":\"http:\/\/preventiva.eu\/index.php\/ispitivanje-sredstava-rada\/#webpage\",\"url\":\"http:\/\/preventiva.eu\/index.php\/ispitivanje-sredstava-rada\/\",\"name\":\"Ispitivanje sredstava rada | Preventiva d.o.o. Banja Luka\",\"isPartOf\":{\"@id\":\"https:\/\/preventiva.eu\/#website\"},\"datePublished\":\"2017-11-22T10:40:23+00:00\",\"dateModified\":\"2020-04-22T15:28:04+00:00\",\"inLanguage\":\"bs-BA\",\"potentialAction\":[{\"@type\":\"ReadAction\",\"target\":[\"http:\/\/preventiva.eu\/index.php\/ispitivanje-sredstava-rada\/\"]}]}]}<\/script>\n<!-- \/ Yoast SEO plugin. -->","_links":{"self":[{"href":"https:\/\/preventiva.eu\/index.php\/wp-json\/wp\/v2\/pages\/1301"}],"collection":[{"href":"https:\/\/preventiva.eu\/index.php\/wp-json\/wp\/v2\/pages"}],"about":[{"href":"https:\/\/preventiva.eu\/index.php\/wp-json\/wp\/v2\/types\/page"}],"author":[{"embeddable":true,"href":"https:\/\/preventiva.eu\/index.php\/wp-json\/wp\/v2\/users\/1"}],"replies":[{"embeddable":true,"href":"https:\/\/preventiva.eu\/index.php\/wp-json\/wp\/v2\/comments?post=1301"}],"version-history":[{"count":6,"href":"https:\/\/preventiva.eu\/index.php\/wp-json\/wp\/v2\/pages\/1301\/revisions"}],"predecessor-version":[{"id":1417,"href":"https:\/\/preventiva.eu\/index.php\/wp-json\/wp\/v2\/pages\/1301\/revisions\/1417"}],"wp:attachment":[{"href":"https:\/\/preventiva.eu\/index.php\/wp-json\/wp\/v2\/media?parent=1301"}],"curies":[{"name":"wp","href":"https:\/\/api.w.org\/{rel}","templated":true}]}}