{"id":1547,"date":"2020-05-13T17:42:18","date_gmt":"2020-05-13T17:42:18","guid":{"rendered":"http:\/\/preventiva.eu\/?page_id=1547"},"modified":"2020-05-13T19:09:15","modified_gmt":"2020-05-13T19:09:15","slug":"sistemi-za-gasenje-sa-novec-1230-i-fm200","status":"publish","type":"page","link":"https:\/\/preventiva.eu\/index.php\/sistemi-za-gasenje-sa-novec-1230-i-fm200\/","title":{"rendered":"Sistemi za ga\u0161enje sa NOVEC-1230 i FM200"},"content":{"rendered":"<div class=\"wpb-content-wrapper\"><p>[vc_section][vc_row][vc_column width=&#8221;1\/2&#8221;][mnky_heading title=&#8221;Preventiva d.o.o. vr\u0161i za Vas&#8221; heading_tag=&#8221;h4&#8221; font_size=&#8221;20px&#8221; line_color=&#8221;#dd3333&#8221;][vc_empty_space height=&#8221;16px&#8221;][mnky_list_item icon_fontawesome=&#8221;fa fa-check&#8221; css_animation=&#8221;fadeIn&#8221; icon_color=&#8221;#dd3333&#8221;]Projektovanje i ugradnju sistema za ga\u0161enje po\u017eara sa NOVEC 1230 i FM200[\/mnky_list_item][mnky_list_item icon_fontawesome=&#8221;fa fa-check&#8221; css_animation=&#8221;fadeIn&#8221; icon_color=&#8221;#dd3333&#8221;]Ispitivanje i servis sistema sa NOVEC 1230 i FM200[\/mnky_list_item][mnky_list_item icon_fontawesome=&#8221;fa fa-check&#8221; css_animation=&#8221;fadeIn&#8221; icon_color=&#8221;#dd3333&#8221;]Izradu idejnih rje\u0161enja i hidrauli\u010dkih prora\u010duna sistema[\/mnky_list_item][mnky_list_item icon_fontawesome=&#8221;fa fa-check&#8221; css_animation=&#8221;fadeIn&#8221; icon_color=&#8221;#dd3333&#8221;]Isporuku opreme sistema za ga\u0161enje po\u017eara proizvo\u0111a\u010da SIEMENS i Mobiak[\/mnky_list_item][vc_empty_space height=&#8221;12px&#8221;][vc_column_text][\/vc_column_text][\/vc_column][vc_column width=&#8221;1\/2&#8221;][vc_single_image image=&#8221;1549&#8221; img_size=&#8221;medium&#8221; add_caption=&#8221;yes&#8221;][\/vc_column][\/vc_row][\/vc_section][vc_row][vc_column][mnky_heading title=&#8221;\u0160ta su sistemi za ga\u0161enje po\u017eara &#8220;\u010distim&#8220; sredstvima?&#8221;][vc_empty_space height=&#8221;20px&#8221;][vc_column_text]Savremena &#8220;\u010dista&#8221; sredstva za ga\u0161enje nastala su kao zamjena sredstava Halon-1301 i Halon-1302 u svrhu ga\u0161enja po\u017eara relativno malom koli\u010dinom sredstva za ga\u0161enje, bez \u0161tete na opremi ili prostoru, ili opasnosti za ljudstvo.<\/p>\n<p>Razlog zabrane upotrebe Halona su velike ekolo\u0161ke posljedice i toksi\u010dnost za ljude. Savremena sredstva poput FK-5-1-12 (tr\u017ei\u0161ni naziv 3M Novec 1230) i HFC-227EA (tr\u017ei\u0161ni naziv DuPont FM200) su i u ve\u0107im koncentracijama manje \u0161tetna za ljude i imaju manji potencijal za globalno zagrijavanje.<\/p>\n<p>Novec 1230 je jedinjenje iz grupe fluoroketona i nastao je kao ekolo\u0161ki prihvatljiva zamjena za sredstva za ga\u0161enje iz grupe hidrofluorougljenika (HFC), gdje spada i FM200 (HFC227). Potencijal za globalno zagrijavanje Novec 1230 iznosi 1 (1kg FK5-1-12 = 1kg CO2 ispu\u0161tenog u atmosferu), dok kod HFC-227 iznosi 3000 (1kg HFC227-EA ima isti efekat na atmosferu kao 3000kg CO2 gasa).<\/p>\n<p>Tako\u0111e, u odnosu na FM200, Novec 1230 je na sobnoj temperaturi i pritisku u te\u010dnom stanju, \u0161to manipulaciju sredstvom zna\u010dajno olak\u0161ava jer se ne mora transportovati u posudama pod pritiskom i mo\u017ee se pretakati bez pothla\u0111ivanja i pod atmosferskim pritiskom.<\/p>\n<p>Ova sredstva nisu elektroprovodljiva i mogu se koristiti za ga\u0161enje po\u017eara bez isklju\u010denja elektri\u010dne energije i isklju\u010denja opreme \u0161to je vrlo zna\u010dajno za datacentre ili kontrolne sale koje nadziru proizvodne procese.[\/vc_column_text][vc_btn title=&#8221;Bro\u0161ura SIEMENS Sinorix sistema za ga\u0161enje&#8221; color=&#8221;danger&#8221; link=&#8221;url:http%3A%2F%2Fpreventiva.eu%2Fuploads%2FSiemens_sinorix.pptx|||&#8221;][vc_video link=&#8221;https:\/\/www.youtube.com\/watch?v=BIsSjPwLSOk&#038;t=5s&#8221; el_width=&#8221;50&#8221; title=&#8221;Pore\u0111enje razli\u010ditih sistema ga\u0161enja za server salu&#8221;][vc_video link=&#8221;https:\/\/www.youtube.com\/watch?v=URukn1wA7Mc&#8221; el_width=&#8221;50&#8221; title=&#8221;Novec 1230 &#8211; demonstracija sigurnosti za elektroniku&#8221;][\/vc_column][\/vc_row]<\/p>\n<\/div>","protected":false},"excerpt":{"rendered":"<p>[vc_section][vc_row][vc_column width=&#8221;1\/2&#8221;][mnky_heading title=&#8221;Preventiva d.o.o. vr\u0161i za Vas&#8221; heading_tag=&#8221;h4&#8221; font_size=&#8221;20px&#8221; line_color=&#8221;#dd3333&#8221;][vc_empty_space height=&#8221;16px&#8221;][mnky_list_item icon_fontawesome=&#8221;fa fa-check&#8221; css_animation=&#8221;fadeIn&#8221; icon_color=&#8221;#dd3333&#8221;]Projektovanje i ugradnju sistema za ga\u0161enje &hellip; <\/p>\n","protected":false},"author":1,"featured_media":0,"parent":0,"menu_order":0,"comment_status":"closed","ping_status":"closed","template":"","meta":[],"yoast_head":"<!-- This site is optimized with the Yoast SEO plugin v14.0.4 - https:\/\/yoast.com\/wordpress\/plugins\/seo\/ -->\n<title>Sistemi za ga\u0161enje sa NOVEC-1230 i FM200 | Preventiva d.o.o. Banja Luka<\/title>\n<meta name=\"description\" content=\"Sistemi za ga\u0161enje po\u017eara u server, kontrolnim i upravlja\u010dkim salama. 3M NOVEC-1230, FM-200. Projektovanje, izvo\u0111enje i ispitivanje sistema za ga\u0161enje.\" \/>\n<meta name=\"robots\" content=\"index, follow\" \/>\n<meta name=\"googlebot\" content=\"index, follow, max-snippet:-1, max-image-preview:large, max-video-preview:-1\" \/>\n<meta name=\"bingbot\" content=\"index, follow, max-snippet:-1, max-image-preview:large, max-video-preview:-1\" \/>\n<link rel=\"canonical\" href=\"http:\/\/preventiva.eu\/index.php\/sistemi-za-gasenje-sa-novec-1230-i-fm200\/\" \/>\n<meta property=\"og:locale\" content=\"bs_BA\" \/>\n<meta property=\"og:type\" content=\"article\" \/>\n<meta property=\"og:title\" content=\"Sistemi za ga\u0161enje sa NOVEC-1230 i FM200 | Preventiva d.o.o. Banja Luka\" \/>\n<meta property=\"og:description\" content=\"Sistemi za ga\u0161enje po\u017eara u server, kontrolnim i upravlja\u010dkim salama. 3M NOVEC-1230, FM-200. Projektovanje, izvo\u0111enje i ispitivanje sistema za ga\u0161enje.\" \/>\n<meta property=\"og:url\" content=\"http:\/\/preventiva.eu\/index.php\/sistemi-za-gasenje-sa-novec-1230-i-fm200\/\" \/>\n<meta property=\"og:site_name\" content=\"Preventiva d.o.o. Banja Luka\" \/>\n<meta property=\"article:modified_time\" content=\"2020-05-13T19:09:15+00:00\" \/>\n<meta name=\"twitter:card\" content=\"summary_large_image\" \/>\n<script type=\"application\/ld+json\" class=\"yoast-schema-graph\">{\"@context\":\"https:\/\/schema.org\",\"@graph\":[{\"@type\":\"Organization\",\"@id\":\"https:\/\/preventiva.eu\/#organization\",\"name\":\"Preventiva d.o.o.\",\"url\":\"https:\/\/preventiva.eu\/\",\"sameAs\":[],\"logo\":{\"@type\":\"ImageObject\",\"@id\":\"https:\/\/preventiva.eu\/#logo\",\"inLanguage\":\"bs-BA\",\"url\":\"https:\/\/preventiva.eu\/wp-content\/uploads\/2017\/11\/image001.jpg\",\"width\":180,\"height\":50,\"caption\":\"Preventiva d.o.o.\"},\"image\":{\"@id\":\"https:\/\/preventiva.eu\/#logo\"}},{\"@type\":\"WebSite\",\"@id\":\"https:\/\/preventiva.eu\/#website\",\"url\":\"https:\/\/preventiva.eu\/\",\"name\":\"Preventiva\",\"description\":\"Za\\u0161tita na radu, Za\\u0161tita od po\\u017eara, Po\\u017earna ventilacija\",\"publisher\":{\"@id\":\"https:\/\/preventiva.eu\/#organization\"},\"potentialAction\":[{\"@type\":\"SearchAction\",\"target\":\"https:\/\/preventiva.eu\/?s={search_term_string}\",\"query-input\":\"required name=search_term_string\"}],\"inLanguage\":\"bs-BA\"},{\"@type\":\"WebPage\",\"@id\":\"http:\/\/preventiva.eu\/index.php\/sistemi-za-gasenje-sa-novec-1230-i-fm200\/#webpage\",\"url\":\"http:\/\/preventiva.eu\/index.php\/sistemi-za-gasenje-sa-novec-1230-i-fm200\/\",\"name\":\"Sistemi za ga\\u0161enje sa NOVEC-1230 i FM200 | Preventiva d.o.o. Banja Luka\",\"isPartOf\":{\"@id\":\"https:\/\/preventiva.eu\/#website\"},\"datePublished\":\"2020-05-13T17:42:18+00:00\",\"dateModified\":\"2020-05-13T19:09:15+00:00\",\"description\":\"Sistemi za ga\\u0161enje po\\u017eara u server, kontrolnim i upravlja\\u010dkim salama. 3M NOVEC-1230, FM-200. Projektovanje, izvo\\u0111enje i ispitivanje sistema za ga\\u0161enje.\",\"inLanguage\":\"bs-BA\",\"potentialAction\":[{\"@type\":\"ReadAction\",\"target\":[\"http:\/\/preventiva.eu\/index.php\/sistemi-za-gasenje-sa-novec-1230-i-fm200\/\"]}]}]}<\/script>\n<!-- \/ Yoast SEO plugin. -->","_links":{"self":[{"href":"https:\/\/preventiva.eu\/index.php\/wp-json\/wp\/v2\/pages\/1547"}],"collection":[{"href":"https:\/\/preventiva.eu\/index.php\/wp-json\/wp\/v2\/pages"}],"about":[{"href":"https:\/\/preventiva.eu\/index.php\/wp-json\/wp\/v2\/types\/page"}],"author":[{"embeddable":true,"href":"https:\/\/preventiva.eu\/index.php\/wp-json\/wp\/v2\/users\/1"}],"replies":[{"embeddable":true,"href":"https:\/\/preventiva.eu\/index.php\/wp-json\/wp\/v2\/comments?post=1547"}],"version-history":[{"count":3,"href":"https:\/\/preventiva.eu\/index.php\/wp-json\/wp\/v2\/pages\/1547\/revisions"}],"predecessor-version":[{"id":1551,"href":"https:\/\/preventiva.eu\/index.php\/wp-json\/wp\/v2\/pages\/1547\/revisions\/1551"}],"wp:attachment":[{"href":"https:\/\/preventiva.eu\/index.php\/wp-json\/wp\/v2\/media?parent=1547"}],"curies":[{"name":"wp","href":"https:\/\/api.w.org\/{rel}","templated":true}]}}